What is the units digit of z?
1
Suppose -c - 3*k + 16 = c, 3*c + 2*k = 14. Let v(m) = -m + 3. Let j be v(0). Suppose -n + 4*n - c*f = 12, 0 = -f + j. What is the units digit of n?
6
Let t be 10/1 - 1 - 0. Suppose -4*c - 5*u - 6 = 10, -u - 7 = -3*c. Suppose -5*x + 4*i = -30, -x - c = -4*i + t. What is the tens digit of x?
1
Let d = -24 + 17. Let w = 10 + d. Suppose w*j = 2*j + 4. What is the units digit of j?
4
Suppose -4*d + 10 = -6, -2*b - 116 = -4*d. Let w = b - -74. What is the units digit of w?
4
What is the tens digit of -4*((-11)/2 + 1)?
1
Let n be (-87)/27 - (-4)/18. Let d(r) = -r**3 - 3*r**2 - 2*r - 4. What is the units digit of d(n)?
2
Let v = -7 + 23. Suppose -2*u = -10 - v. Suppose u = a + 2. What is the units digit of a?
1
Suppose 0*l - z + 7 = 2*l, 4*z = 4. Suppose l*a = 7*a - 84. What is the units digit of a?
1
Let y(l) = l - 2. Suppose 0 = -g - 1 + 8. What is the units digit of y(g)?
5
Let c(w) be the first derivative of w**2/2 + 11*w - 1. Let g be c(0). Let o = -6 + g. What is the units digit of o?
5
Let v(w) = -3*w**3 + 3*w**2 - 6*w - 5. What is the tens digit of v(-4)?
5
Let u(v) = v**2 - 3*v - 4. Let t be u(5). Let r = -12 - -24. Let p = r - t. What is the units digit of p?
6
Suppose 54 + 82 = p - 2*x, -2*p + 274 = -3*x. What is the hundreds digit of p?
1
Suppose 3*p - 7*p + 5*c + 41 = 0, 82 = 5*p + 4*c. What is the tens digit of p?
1
Let l = -22 - -26. Suppose 7*g = 3*g. Suppose g = -l*n + c + 40, -n = 4*c - 2*c - 10. What is the tens digit of n?
1
Suppose -f = -4*f - 2*c + 323, -424 = -4*f + 4*c. What is the tens digit of f?
0
Suppose 5*o - 4*y + 5*y - 214 = 0, 0 = 4*o - 2*y - 174. What is the units digit of o?
3
Suppose z = -3*z - 2*h + 966, 5*h = 2*z - 489. What is the units digit of z?
2
Let v(k) = -k**2 - 6*k - 5. Let b be v(-4). Suppose -8 = -b*r - r. Suppose 5*m - 30 = r*m. What is the units digit of m?
0
Let p be -2*3/(-6)*-2. Let y(a) = -a**2 - 3*a - 2. Let w be y(p). Suppose q = -w*q + 10. What is the tens digit of q?
1
Suppose -o = -0*o. Suppose 5*z + 2*l - 4 = 49, o = -2*z + l + 14. What is the units digit of z?
9
Let z = 128 + -117. What is the tens digit of z?
1
Let d be -3*3*(-4)/18. Suppose 3*j + 2*p = -p + 24, d = 2*p. What is the units digit of j?
7
Let q(o) = o**2 + 5*o + 6. Let h = -3 - -2. Let w = h - 3. What is the units digit of q(w)?
2
Let g = -4 - -4. Suppose 0 = -4*x - 5*w + 214, 2*w + 116 = -g*x + 2*x. What is the tens digit of x?
5
Suppose -5*v - 5*k = -20, 5*k = 2*v + 3*v + 30. Let w be 0*1/(-1)*v. Suppose 2*m + w*m - 14 = 0. What is the units digit of m?
7
Suppose 5*r = -2 - 3. Let w = 2 + r. What is the units digit of w?
1
Let s(i) = -11*i + 44. What is the units digit of s(-11)?
5
Let b = 461 - 288. What is the tens digit of b?
7
Suppose -5*d - 45 = -4*q, -q = -2*d + 3*d. What is the units digit of q?
5
Let o be ((-30)/(-25))/((-6)/20). Let f = 5 + o. What is the units digit of f?
1
What is the hundreds digit of 1674/36*(-10)/(-3)?
1
Let z = -1 + -3. Let y = 7 + z. What is the tens digit of y + 8 + -1 - -3?
1
Suppose 0 = 5*u - 898 - 352. What is the tens digit of u?
5
Let k(u) = u**2 - 6*u - 3. Suppose 5*y - 41 = -2*a, -2*a + 29 = 2*y + 3*a. Let f be k(y). Suppose f*q - 6 = 2*q. What is the units digit of q?
3
Suppose 0 = 4*z + 4*b - 248, -5*z + 4*b + 174 + 172 = 0. Let n = z - 46. What is the tens digit of n?
2
Let m = 198 + 18. What is the units digit of m?
6
Suppose -15 = -0*k - 3*k. Suppose -3*c + w + 6 = -2*w, k*w + 2 = -3*c. What is the units digit of c?
1
Let q = 4 - 7. What is the units digit of (-29)/q + (-3)/(-9)?
0
Let l be (8/(-4))/(4/(-6)). What is the tens digit of l/(21/(-30) - -1)?
1
Let z be 2 - 2 - (6 - -1). Let h = z - -3. Let d = 8 + h. What is the units digit of d?
4
Let s(g) = -g**3 - 9*g**2 - g - 6. Let j be s(-9). Suppose 5*q + 7 = 4*c, c = -j*q + 13 + 10. What is the units digit of c?
8
Let z(f) = -f**3 - f**2 - 5. Let j be z(-4). Suppose -j - 2 = -5*k. What is the units digit of k?
9
Let u(y) = 16*y**2 - 4*y + 6. What is the units digit of u(3)?
8
Let r(c) = -c**3 + 12*c**2 - 9*c - 8. Let j = 18 + -7. Let y be r(j). Let b = y - 9. What is the units digit of b?
5
Suppose 5*q = -2*j + 199, 0*q + 197 = 2*j + 3*q. What is the tens digit of j?
9
Let l(q) = 5*q**2 - q**3 - 6 + 13 + 39*q - 16*q - 17*q. Let j be (-2)/6 - (-19)/3. What is the units digit of l(j)?
7
Suppose 0 = 2*z + 2*g - 154, -z + 3*g + 95 = -2*g. Suppose 5*l + 0 = z. What is the tens digit of l?
1
Suppose 0*p - 6 = -2*p. Let k = 2 + p. What is the units digit of k?
5
Suppose 4*h = -0*h. Suppose h = -a + 6*a - 35. What is the tens digit of 129/a - (-9)/(-21)?
1
Let i(p) = -2*p**2 - 34*p - 26. What is the tens digit of i(-13)?
7
What is the units digit of -4 + 1/((-2)/(38*-1))?
5
Let k(a) = 2*a**2 - 5*a + 4. Let j be k(3). Let u = j + -17. Let y = u + 18. What is the units digit of y?
8
Let y(b) = -b**3 + 7*b**2 + 10*b - 8. Let p be 12/(-2)*15/(-6). Let l = p + -7. What is the units digit of y(l)?
8
Let c(p) = p - 6. Let y be c(7). What is the units digit of (-1 - -3)*(y - -5)?
2
Let c(y) = -2 + 8 - 6 + 2 + y. What is the units digit of c(2)?
4
Let a be (-8)/4 + (-6)/(-1). Let t(y) = -y**2 + 7*y - a*y + 2*y**2 + y**2. What is the units digit of t(-3)?
9
Let d(n) = -18*n**3 - n - 1. Let u be d(-1). What is the tens digit of (-21)/(-14)*u*1?
2
Let c(i) be the third derivative of 0*i**3 + 2*i**2 + 0 + 3/8*i**4 - 1/60*i**5 + 0*i. What is the units digit of c(8)?
8
Let b(f) = 35*f - 40. What is the tens digit of b(7)?
0
Let u be (-15)/20 - (-18)/(-8). Let j(s) = s**2 - 3. Let i be j(u). Suppose -i*k = -k - 80. What is the units digit of k?
6
What is the units digit of 9 + (-4 - -4) + -1?
8
Let i = -1 - -3. Let j be 3/6 + 5/i. Suppose -j = -5*n + 12. What is the units digit of n?
3
Let h(f) = -8 - 2 - 5*f**2 - 6*f - f**3 + 5. What is the units digit of h(-4)?
3
Let x be 8/(-20) - 52/(-5). Suppose -x = 2*a + 3*a. Let u(j) = j**2 - j - 2. What is the units digit of u(a)?
4
Suppose 0 = -5*n + 592 - 97. Suppose -2*y = y - n. What is the units digit of y?
3
Let l = -6 - -8. Suppose 0*a - l = a. What is the units digit of (-1)/(a/4) + 7?
9
Suppose -4*v - 28 = -b, 0*b - 4*b + 76 = -4*v. Suppose -x = -5*x + b. What is the units digit of x?
4
Suppose -3*g + 2*x + 79 = 0, 2*x + 16 = 2*g - 40. Suppose -4*f + 0*f = 0, -4*b - 4*f - 60 = 0. Let l = b + g. What is the units digit of l?
8
Let a(d) = -4*d. Let r be a(-1). Let v(j) = 4 + j + r*j**2 + 0*j**3 + j**3 + j. What is the units digit of v(-3)?
7
Let k(x) = -x + 11. Let b(z) = -2*z + 23. Let m(c) = 3*b(c) - 5*k(c). What is the units digit of m(6)?
8
Let s(x) = x**3 + 5*x**2 - 6*x + 5. Let v be -2*(1 + 14/(-4)). Let n = v + -11. What is the units digit of s(n)?
5
Let v(t) be the first derivative of t**2/2 + 18*t - 3. What is the units digit of v(-13)?
5
Suppose 2*j + 12 = -2*j. Let t = j + 14. What is the units digit of t?
1
Suppose 0 = 2*q + 2, -6*w - 4*q = -5*w - 30. What is the units digit of w?
4
Let w(p) = -p**3 - 14*p**2 + 14*p + 2. What is the units digit of w(-15)?
7
Let t(g) = -g - 1. Let l = -25 + 18. Let c be t(l). Suppose 4*b - b = c. What is the units digit of b?
2
Suppose 3*v - 2*f = -v - 40, 2*v + 8 = -2*f. Let p = 1 - v. What is the units digit of p?
9
What is the tens digit of 5/20 + (-526)/(-8)?
6
What is the tens digit of ((-16)/(-16) - (-1 + -146)) + -3?
4
Let r(x) = -x**3 - x**2 + 9. Suppose 5*k = 4*q - 10, -3*k - 3 - 3 = -4*q. What is the units digit of r(q)?
9
Let s(v) = -v**3 + 14*v**2 + 18*v + 5. What is the tens digit of s(15)?
5
Suppose -5*g + 585 = 75. What is the hundreds digit of g?
1
Suppose 2*g = 7*g - 30. Suppose 4*a + 40 = g*a. What is the tens digit of a?
2
Let m = 81 + 28. What is the units digit of m?
9
Let y be 0/1 + 1 + 1. Let f be ((22/1)/y)/1. Suppose -3*h - f = 4, 4*h + 2 = -2*j. What is the units digit of j?
9
Let q = 12 + -8. Let u = -5 - -5. Suppose 3*r - 9 = u, 9*r = 3*t + q*r - 24. What is the units digit of t?
3
Let a = -16 - -50. What is the tens digit of a?
3
Let x = 157 + -101. What is the tens digit of x?
5
Let r(t) = 2 - t**3 + 9*t + 4*t**2 + 2*t**2 - 2*t. Let v be r(7). Suppose -z + 5*w + 10 = z, 4*z - 52 = v*w. What is the units digit of z?
5
Let a = 73 - 37. Let i be a/(-8)*4/(-6). Suppose 0 = -i*y - d + 26, -1 = 7*